 remainder when 641 is divided by 90.
11
What is the remainder when 1771 is divided by 137?
127
Calculate the remainder when 365 is divided by 93.
86
Calculate the remainder when 1562 is divided by 17.
15
Calculate the remainder when 269 is divided by 69.
62
What is the remainder when 106 is divided by 40?
26
What is the remainder when 241 is divided by 49?
45
What is the remainder when 460 is divided by 149?
13
Calculate the remainder when 2538 is divided by 33.
30
Calculate the remainder when 87 is divided by 6.
3
What is the remainder when 1124 is divided by 75?
74
Calculate the remainder when 62 is divided by 17.
11
What is the remainder when 648 is divided by 11?
10
What is the remainder when 3277 is divided by 3?
1
What is the remainder when 1580 is divided by 491?
107
What is the remainder when 87 is divided by 19?
11
Calculate the remainder when 55 is divided by 15.
10
Calculate the remainder when 222 is divided by 54.
6
Calculate the remainder when 1898 is divided by 50.
48
What is the remainder when 52 is divided by 52?
0
What is the remainder when 1007 is divided by 340?
327
What is the remainder when 35 is divided by 33?
2
What is the remainder when 122 is divided by 7?
3
Calculate the remainder when 64 is divided by 13.
12
Calculate the remainder when 120 is divided by 3.
0
What is the remainder when 559 is divided by 17?
15
What is the remainder when 89 is divided by 13?
11
Calculate the remainder when 288 is divided by 91.
15
What is the remainder when 1423 is divided by 25?
23
What is the remainder when 52 is divided by 3?
1
Calculate the remainder when 33 is divided by 29.
4
Calculate the remainder when 3729 is divided by 12.
9
Calculate the remainder when 35 is divided by 15.
5
Calculate the remainder when 229 is divided by 8.
5
Calculate the remainder when 2826 is divided by 35.
26
What is the remainder when 1275 is divided by 251?
20
What is the remainder when 109 is divided by 12?
1
Calculate the remainder when 95 is divided by 25.
20
What is the remainder when 1551 is divided by 14?
11
Calculate the remainder when 784 is divided by 158.
152
What is the remainder when 269 is divided by 44?
5
What is the remainder when 138 is divided by 51?
36
Calculate the remainder when 1393 is divided by 11.
7
What is the remainder when 4360 is divided by 483?
13
What is the remainder when 409 is divided by 158?
93
What is the remainder when 419 is divided by 28?
27
What is the remainder when 286 is divided by 25?
11
What is the remainder when 513 is divided by 20?
13
What is the remainder when 667 is divided by 331?
5
What is the remainder when 391 is divided by 28?
27
What is the remainder when 153 is divided by 123?
30
What is the remainder when 231 is divided by 115?
1
What is the remainder when 78 is divided by 3?
0
Calculate the remainder when 146 is divided by 46.
8
Calculate the remainder when 2103 is divided by 54.
51
Calculate the remainder when 125 is divided by 40.
5
What is the remainder when 92 is divided by 5?
2
What is the remainder when 146 is divided by 3?
2
What is the remainder when 530 is divided by 56?
26
Calculate the remainder when 14798 is divided by 74.
72
What is the remainder when 630 is divided by 295?
40
Calculate the remainder when 214 is divided by 26.
6
Calculate the remainder when 28473 is divided by 7.
4
What is the remainder when 315 is divided by 82?
69
What is the remainder when 239 is divided by 40?
39
What is the remainder when 4656 is divided by 222?
216
Calculate the remainder when 282 is divided by 147.
135
Calculate the remainder when 429 is divided by 209.
11
What is the remainder when 161 is divided by 44?
29
Calculate the remainder when 2978 is divided by 83.
73
What is the remainder when 109 is divided by 103?
6
What is the remainder when 2828 is divided by 70?
28
Calculate the remainder when 6793 is divided by 151.
149
Calculate the remainder when 356 is divided by 51.
50
Calculate the remainder when 44 is divided by 21.
2
What is the remainder when 283 is divided by 84?
31
Calculate the remainder when 501 is divided by 118.
29
What is the remainder when 449 is divided by 79?
54
Calculate the remainder when 84 is divided by 22.
18
Calculate the remainder when 625 is divided by 71.
57
What is the remainder when 4083 is divided by 7?
2
What is the remainder when 422 is divided by 86?
78
Calculate the remainder when 120 is divided by 28.
8
Calculate the remainder when 7443 is divided by 98.
93
What is the remainder when 4693 is divided by 127?
121
Calculate the remainder when 290 is divided by 42.
38
What is the remainder when 4331 is divided by 6?
5
What is the remainder when 173 is divided by 43?
1
What is the remainder when 188 is divided by 9?
8
Calculate the remainder when 1230 is divided by 32.
14
What is the remainder when 222 is divided by 54?
6
What is the remainder when 910 is divided by 12?
10
What is the remainder when 188 is divided by 84?
20
What is the remainder when 1242 is divided by 83?
80
Calculate the remainder when 108 is divided by 11.
9
What is the remainder when 2649 is divided by 41?
25
Calculate the remainder when 730 is divided by 236.
22
What is the remainder when 316 is divided by 64?
60
Calculate the remainder when 2677 is divided by 128.
117
Calculate the remainder when 3563 is divided by 18.
17
Calculate the remainder when 1138 is divided by 372.
22
Calculate the remainder when 20518 is divided by 27.
25
What is the remainder when 718 is divided by 120?
118
Calculate the remainder when 125 is divided by 30.
5
Calculate the remainder when 596 is divided by 75.
71
What is the remainder when 53 is divided by 14?
11
Calculate the remainder when 188 is divided by 35.
13
What is the remainder when 9420 is divided by 38?
34
Calculate the remainder when 137 is divided by 112.
25
Calculate the remainder when 202 is divided by 71.
60
Calculate the remainder when 693 is divided by 46.
3
Calculate the remainder when 8237 is divided by 41.
37
What is the remainder when 351 is divided by 6?
3
What is the remainder when 3129 is divided by 174?
171
What is the remainder when 159 is divided by 82?
77
Calculate the remainder when 879 is divided by 13.
8
What is the remainder when 903 is divided by 92?
75
What is the remainder when 1056 is divided by 346?
18
What is the remainder when 232 is divided by 127?
105
What is the remainder when 333 is divided by 173?
160
Calculate the remainder when 1194 is divided by 63.
60
Calculate the remainder when 6796 is divided by 1358.
6
What is the remainder when 724 is divided by 66?
64
What is the remainder when 182 is divided by 97?
85
What is the remainder when 55 is divided by 21?
13
What is the remainder when 5148 is divided by 105?
3
Calculate the remainder when 98 is divided by 17.
13
Calculate the remainder when 299 is divided by 108.
83
Calculate the remainder when 762 is divided by 190.
2
What is the remainder when 1921 is divided by 26?
23
What is the remainder when 277 is divided by 47?
42
What is the remainder when 1822 is divided by 364?
2
What is the remainder when 2325 is divided by 4?
1
Calculate the remainder when 43 is divided by 24.
19
Calculate the remainder when 4053 is divided by 57.
6
Calculate the remainder when 370 is divided by 161.
48
Calculate the remainder when 305 is divided by 18.
17
Calculate the remainder when 118 is divided by 24.
22
What is the remainder when 252 is divided by 32?
28
Calculate the remainder when 541 is divided by 136.
133
Calculate the remainder when 28 is divided by 7.
0
What is the remainder when 1492 is divided by 148?
12
What is the remainder when 1512 is divided by 89?
88
What is the remainder when 6968 is divided by 101?
100
Calculate the remainder when 411 is divided by 104.
99
Calculate the remainder when 291 is divided by 59.
55
What is the remainder when 547 is divided by 199?
149
What is the remainder when 2483 is divided by 619?
7
Calculate the remainder when 454 is divided by 46.
40
What is the remainder when 185 is divided by 16?
9
Calculate the remainder when 3012 is divided by 333.
15
Calculate the remainder when 433 is divided by 26.
17
Calculate the remainder when 2849 is divided by 124.
121
Calculate the remainder when 269 is divided by 87.
8
What is the remainder wh